the prime factors of w(4).
2, 31
Let y = 13 + -7. Let x = -3 + y. Suppose -5*s + 57 = -x. What are the prime factors of s?
2, 3
Let o(w) = -18*w + 36. What are the prime factors of o(-8)?
2, 3, 5
Suppose 4*i + 42 = -b + 2*b, -10 = 5*i. What are the prime factors of b?
2, 17
Let i(b) = 9 - 5*b - 3*b**2 + 2*b**2 - 4. List the prime factors of i(-4).
3
Suppose -12*o + 18*o - 516 = 0. List the prime factors of o.
2, 43
List the prime factors of (-30)/(2*4/(-4)).
3, 5
Let b = 63 + -30. List the prime factors of b.
3, 11
Suppose 0*v = v - 2. Suppose -7 = -v*u + 77. What are the prime factors of u?
2, 3, 7
Let k(f) = f**2 + 4*f + 2. List the prime factors of k(7).
79
Let u(n) = -27*n + 7. Let p(j) = -14*j + 3. Let c(r) = -5*p(r) + 2*u(r). Let d be 3/15 - 8/(-10). List the prime factors of c(d).
3, 5
List the prime factors of 2/9 - 3122/(-126).
5
Let k(z) = z**2 - z + 1. Let l(c) = -c - 3. Let p be l(-5). Let a be -3*(p/(-3))/(-1). List the prime factors of k(a).
7
Let o be ((-2)/(-4))/((-1)/70). Let s = -9 + -15. Let y = s - o. List the prime factors of y.
11
Suppose -3*f = -0*g + 3*g - 3, 3*f = -g + 7. What are the prime factors of (-26)/3*(g + -1)?
2, 13
Let n(b) = -5*b**3 - b**2 + b + 1. What are the prime factors of n(-3)?
2, 31
Suppose -3*v + 34 + 29 = 0. What are the prime factors of v?
3, 7
List the prime factors of ((-732)/(-8))/((-1)/(-2))*1.
3, 61
Let d = 42 - -45. Let a = -59 + d. List the prime factors of a.
2, 7
Let k(u) = -u**2 + 21*u - 16. List the prime factors of k(16).
2
Let v(z) = z + 3. What are the prime factors of v(0)?
3
Let r(l) = -l**3 - 3*l**2 + 7*l - 4. List the prime factors of r(-6).
2, 31
Let u(c) = -23*c**3 + 3*c**2 + 4*c - 1. List the prime factors of u(-2).
11, 17
Let n = 5 - -2. Let d = n + -12. Let a = 8 + d. What are the prime factors of a?
3
Let c = -1 + 7. Let f = c + -2. Suppose 31 + 13 = f*r. What are the prime factors of r?
11
Suppose b - 5 = 0, -2*j + 3*j - 3*b - 18 = 0. What are the prime factors of j?
3, 11
Let f(d) = -3*d - d**2 + 4*d - 2*d + 1 + 8. What are the prime factors of f(0)?
3
Let k be 2/(-1)*(-86)/4. Suppose 3*m + 5*q - 61 = 0, 4*m + 4*q - k = 33. List the prime factors of m.
17
Let q(t) = -8*t - 4. Let s be q(5). Let g = s + 74. List the prime factors of 2/5 - (-348)/g.
2, 3
List the prime factors of 10 - 3/((-3)/1).
11
Let b(y) be the third derivative of y**6/72 + y**5/120 - y**4/24 - 2*y**2. Let t(p) be the second derivative of b(p). List the prime factors of t(1).
11
What are the prime factors of (-58)/(-18) + -3 - 1490/(-18)?
83
Suppose 3 = 4*j - 21. Let l(k) be the first derivative of -k**3/3 + 7*k**2/2 + 2*k - 1. List the prime factors of l(j).
2
Let i be (0 - -1)/((-8)/(-48)). Suppose -16 - 26 = -i*y. List the prime factors of y.
7
Let l = 25 - 7. Suppose -4*r + r = -l. List the prime factors of r.
2, 3
Let g(i) = i**2 + 6*i + 4. Let k be g(-5). Let b(h) = -h - 1. Let l be b(k). Suppose t + p = -p + 11, 3*p - 12 = l. What are the prime factors of t?
3
Let g be (-11 - -2)*10/(-6). Suppose 3 = 2*y - g. What are the prime factors of y?
3
Let f(k) = k**2 + 5*k - 8. Let l be f(-6). What are the prime factors of (1 + l)/((-2)/14)?
7
Let s = 206 - 60. List the prime factors of s.
2, 73
Let r(d) = d**3 - 7*d**2 + 9*d - 5. Let v be r(6). Suppose 2*s = 2*p - 5*p + 23, -s - 3*p = -v. What are the prime factors of s?
2, 5
Suppose -2*b - 3*b = 0. Suppose 0 = 5*h - b - 55. List the prime factors of h.
11
Let n be 3/(0 - 9/(-6)). Suppose 5*p = 3*u - 4, 2 - 1 = -5*p + n*u. What are the prime factors of p/(2*3/78)?
13
Let l(q) = -30*q**3 - 7*q**2 - 13*q - 1. What are the prime factors of l(-2)?
3, 79
Suppose 3*q = -j - 45, -j = j - 2*q + 114. Let t = j - -76. List the prime factors of t.
2, 11
Let t(y) = 3*y + 0*y**2 - y + y**2 - 2 + 6. What are the prime factors of t(-4)?
2, 3
Let v be 4/14 - (-2736)/28. Let k = -49 + v. List the prime factors of k.
7
Let n(r) = 2*r. Suppose -g = 4*g - 25. List the prime factors of n(g).
2, 5
Let b(p) = -p**3 + 7*p**2 + 3. Let v be b(7). Suppose v*k - 2 = 5*k. What are the prime factors of 16 + 2*k + -2?
2, 3
List the prime factors of -3 + -64*3/(-6).
29
List the prime factors of ((-18)/21)/(2/(-7)).
3
Let f(h) = -9*h + 5. Let v be f(-4). Let t = v - 16. Suppose 5*b - 35 = t. What are the prime factors of b?
2, 3
Suppose -2*a = -6, 3*a - 459 = -5*l + 385. What are the prime factors of l?
167
Suppose 2*l = 4*w + 20 + 4, -8 = -5*l - 3*w. Suppose -68 = -l*v + 76. List the prime factors of v.
2, 3
Let p(n) = -n**2 - 8*n - 9. Let u be p(-6). Suppose -2*i - 7 = 2*m - u*m, i - 3 = 0. List the prime factors of m.
13
Let r(i) = i**3 - i**2 - 4*i + 2. Suppose 5*f + 6 = 3*t, 0*f = f - 4*t + 8. Let q = 3 + f. List the prime factors of r(q).
2
Let d(n) = -n**3 + n**2 + 5*n + 4. Let s(x) = x**2 + 8*x - 12. Let q be s(-9). What are the prime factors of d(q)?
5
Suppose 13*o + 306 = 16*o. What are the prime factors of o?
2, 3, 17
Suppose -12 = -4*o, 78 = -0*c + 2*c - 4*o. Suppose z - 4*z = -c. Let r = -11 + z. List the prime factors of r.
2
Let s be 3/12 + 2/(-8). Suppose s = -2*h + 6 + 10. What are the prime factors of h?
2
Suppose 4*c = 8 + 300. What are the prime factors of c?
7, 11
Suppose -5*w + 7 = -d + 25, 2*d - 21 = 5*w. Suppose 0 = -d*u - 0*u + 3. Suppose 0 = g + u - 6. What are the prime factors of g?
5
Let q = 222 + -114. Suppose -4 = 4*o - q. List the prime factors of o.
2, 13
Let a(l) = -l**2 + 4*l + 6. Let j be a(5). Suppose 0 = -3*u - 3*z - 1 - 8, 3*u - z + j = 0. What are the prime factors of 25*(u - (-14)/10)?
2, 5
Let s be (-4)/22 - 1390/(-22). Let i(d) = d**2 + 1. Let j be i(1). Suppose -5*l - t + s = 0, 0*l - t = -j*l + 21. What are the prime factors of l?
2, 3
Let s be -69*3/(-18)*2. Suppose -c - u = -s, u + 3 + 18 = c. List the prime factors of c.
2, 11
Suppose -2*d + 5*b + 96 = d, -40 = -d - b. List the prime factors of d.
37
Let s(m) = -12 + m - m**2 + 9*m**2 + 12. What are the prime factors of s(1)?
3
Let a(c) = 3*c**2 + 3*c + 3. Suppose -4*m - 18 = -6. List the prime factors of a(m).
3, 7
Suppose 2*x = -2*x + 8. What are the prime factors of (15/6 - -2)*x?
3
Let z be 0 - (-9)/(0 - -3). List the prime factors of z + -5 + 17 + -1.
2, 7
Let f = 42 + 113. What are the prime factors of f?
5, 31
Let n be 2/(2/(-2)) - -2. Let c = 37 - 14. Suppose 0*l + p - c = -2*l, n = -l + p + 13. What are the prime factors of l?
2, 3
Let z be (612/6)/(3 - 1). Suppose 4*j - j = z. What are the prime factors of j?
17
Let n = 12 + -9. Suppose -q = -n*q + 58. What are the prime factors of q?
29
Suppose 0 = 2*h - 13 - 45. List the prime factors of h.
29
Let g be -1 + 0 + 0 + 0. Let z(m) = m. Let r(o) = -o**2 + 2*o + 7. Let t(d) = g*r(d) + 2*z(d). What are the prime factors of t(-5)?
2, 3
Suppose -2*a + 3*b = -4*a + 54, 3*a - 80 = -5*b. Suppose 5*u - 56 + 1 = -3*z, -4*z + a = -2*u. What are the prime factors of z?
2, 5
Let r(y) = -y**3 - 4*y**2 - y + 5. Let j be r(-3). Let d be ((-9)/6)/(2/(-8)). Let l = d + j. What are the prime factors of l?
5
Let x(b) = b**2 - 9*b + 8. Let o be x(8). Suppose 6*m - 3*m - 4*a - 29 = 0, o = -m + 3*a + 8. List the prime factors of m.
11
Suppose 3*w - 24 = -5*z, 0 = -5*z - 2*w + 32 - 11. List the prime factors of z.
3
Let z(r) = -3*r**2 + r + 1. Let i be z(-1). Let a be (-2 - i) + (2 - -1). Suppose -2*s = -a*s + 12. What are the prime factors of s?
2, 3
Let i(d) = -174*d**3 - d**2 - 3*d - 3. What are the prime factors of i(-1)?
173
Suppose 1 = 4*m - 7. Suppose -d + m = -3. List the prime factors of d.
5
Let d(w) = 15*w - 25. List the prime factors of d(14).
5, 37
Let a = 5 + -6. List the prime factors of (a - -1*15) + -3.
11
Let m = -9 + 15. Suppose 0 = -f - 2, w - 2*f = m*w - 46. What are the prime factors of w?
2, 5
Suppose -3*t - 18 = -0*t. Let g = 7 + t. Let c(r) = 21*r + 1. List the prime factors of c(g).
2, 11
Suppose 6 - 27 = -3*v. Suppose -4*m + 5*m - 15 = 5*a, -3*m - 4*a + v = 0. List the prime factors of m.
5
Suppose 8 = a - 58. What are the prime factors of a?
2, 3, 11
Let t be (68/6)/((-6)/(-9)). List the prime factors of t + (2 - 2/2).
2, 3
Let a(d) = 2*d**2 + 3*d + 1. List the prime factors of a(-5).
2, 3
Suppose f - 4*r - 5 = -2*r, 4*f - r = 6. Let i be (f - 2) + 2 + -8. What are the prime factors of 2/i + 51/7?
7
Suppose 2*p + 38 = a, 